 b - 504. What are the prime factors of p?
2, 3, 31
Let f = -19393 - -94221. What are the prime factors of f?
2, 13, 1439
List the prime factors of (2 + -2)/(-11) - (-1 + 4) - -8925.
2, 3, 1487
Let c(x) = -34436*x + 431. What are the prime factors of c(-1)?
7, 17, 293
List the prime factors of (2 + 40/(-24))/(46909/23454 - 2).
2, 3, 1303
Let x(u) = 3*u - 31. Let w be x(12). Suppose w*l - 8*l + 930 = 0. What are the prime factors of l?
2, 5, 31
Let z = -5160 - -5522. What are the prime factors of z?
2, 181
Let f(y) = -12*y**3 + y**2 - y + 113. What are the prime factors of f(-7)?
5, 857
What are the prime factors of -1*(-67853)/9 - (-690)/(-3105)?
3, 7, 359
Let m = -109 - -112. Suppose 5*u + 192 = -5*n + 1887, 2*u + m*n - 678 = 0. List the prime factors of u.
3, 113
Suppose 2*i - 131 = -a + 4, 0 = 5*i - 5*a - 345. Suppose -5*z - 2*l - 362 = 0, -2*l + 6*l = z + i. Let g = z - -174. What are the prime factors of g?
2, 3, 17
Let l be (-96)/(-4) + -3 - -1. Let b(c) = 29*c - 150. List the prime factors of b(l).
2, 61
Suppose -631*v = -627*v - 4. List the prime factors of 621 + v/((-3)/36*3).
617
Let g(o) = -5 - 7 - 2*o - 4 + 10. Let j be g(-19). Suppose j + 148 = 5*t. What are the prime factors of t?
2, 3
Let l be 3522/4*(-8)/12. Let f = -145 - l. What are the prime factors of f?
2, 13, 17
Suppose -1204*l + 1202*l - 218846 = -3*d, -291772 = -4*d - 3*l. What are the prime factors of d?
2, 36473
Suppose 5*x + 322 = 182. Let u(q) = -7*q + 97. What are the prime factors of u(x)?
293
Let i = -66 - -231. What are the prime factors of 483 - ((-5)/(-2) + i/(-22))?
2, 61
Suppose 12 = 5*s - 3*c, 0 = -4*s + 4*c + 9 + 7. Suppose s = -2*a - 193 + 587. Suppose -5*h + 23 = -a. What are the prime factors of h?
2, 11
Let v(y) = -y**2 + y + 484. Let d be v(0). Let t(h) = 169*h + 683. Let x be t(-4). Suppose x*r - d = 433. What are the prime factors of r?
131
Let j = 134 + -76. Suppose 0 = -2*g + 186 - j. Let l = g + 45. List the prime factors of l.
109
Let z(f) = 6*f**2 + 261*f - 132. Let c be z(-44). Let y be 30/(-4)*(1 - -1). What are the prime factors of (c + y)*(-1224)/85?
2, 3
Let u(x) = -154*x + 17. Suppose 40*i + 41 = -159. List the prime factors of u(i).
787
Suppose 16*f - 34 = 30. Suppose -48 = 3*d - 36. What are the prime factors of 7*(0 - d)/f?
7
Suppose 2846 = 3*c - 8566. Suppose 0 = -11*n + 5*n + c. List the prime factors of n.
2, 317
Suppose -4*b + 13 = 5. Suppose 4*z = 3*u + 997, b*z - 2*u - 498 = -0*z. List the prime factors of z.
2, 5
Let u be 6*(-5)/10 - -7. Suppose u - 9 = -d. Suppose 0 = -3*h - d + 218. What are the prime factors of h?
71
Let z = 51585 + -12899. List the prime factors of z.
2, 23, 29
What are the prime factors of (-292)/3942 - 2700222/(-81)?
2, 3, 463
Let i = -51999 + 92362. List the prime factors of i.
181, 223
Let u(q) = 2*q**2 - 3*q + 3. Let j be u(0). Let l(f) = -4*f**3 + f**2 + 2*f + 1. Let v be l(-1). Suppose -j*g - v*g + 105 = 0. What are the prime factors of g?
3, 5
Let m = -104414 - -146592. What are the prime factors of m?
2, 21089
Suppose -43 = -52*v + 165. Let m = 3 + -1. Suppose m*l = -q + v*q - 734, q + 2*l = 234. List the prime factors of q.
2, 11
Suppose 0*i + 2*i - 312 = -4*k, 4*i = -5*k + 639. Let c = i - 100. List the prime factors of c.
2, 3, 11
Suppose 10*g + 1614 = 16*g. Let a = g + -120. List the prime factors of a.
149
Let q = 68 + -61. List the prime factors of (-70180)/(-264) - (q/(-6) + 1).
2, 7, 19
Let z = 22838 - 14775. What are the prime factors of z?
11, 733
Suppose 160*h = 156*h + 14656. List the prime factors of h.
2, 229
Let w = -697 - -85. Let i = w - -860. What are the prime factors of i?
2, 31
Suppose -i + 4 = 0, 0 = -h - 0*h + i - 28. Let z be (1 + -1 + 24)*(-16)/h. What are the prime factors of z - (-6)/(-10)*5?
13
Let l(b) = b**3 - 7*b**2 + 10*b + 6. Let z be l(5). Suppose -z*a + 2*a + 160 = 0. Let o = 83 - a. What are the prime factors of o?
43
Suppose 0 = -5*g - 5*j + 19833 + 282, 5*j = 0. What are the prime factors of g?
3, 149
Let z(x) be the second derivative of x**5/20 + 25*x**4/12 + 53*x**3/6 + 17*x**2/2 + 322*x. What are the prime factors of z(-16)?
3, 491
Let f = -805 - -1113. Let b = 124 + f. What are the prime factors of b?
2, 3
Let d(y) = 5*y**2 + 97*y + 45. Let i be d(-19). List the prime factors of 153/(-357) + 31/i.
2
Suppose -84*l - 118*l = -885568. List the prime factors of l.
2, 137
Let x(k) = 1248*k - 941. List the prime factors of x(9).
41, 251
Let u be (1 + -3)/((32/(-1452))/4). Let k = u + -529. Let f = 242 + k. What are the prime factors of f?
2, 19
Let c be 8 + ((-4)/8)/(3/6). Let l be 2/c + 30/(-105) + 6. What are the prime factors of 1*-3 - (l + -51)?
2, 3, 7
Suppose 18*y - 2605 = 12425. Suppose -2*x + 375 = -y. List the prime factors of x.
5, 11
Let y(g) = 59*g**2 + 210*g + 2092. What are the prime factors of y(-9)?
17, 293
Let j(z) = -z - 105. Let q be j(12). What are the prime factors of (-26)/q - 3121/(-9)?
347
Suppose -4*o = 5*m - 6686, 2*o = -18*m + 20*m - 2678. Let y = 2209 - m. List the prime factors of y.
13, 67
Suppose -24*u + 109 - 13 = 0. Let f(i) = -6*i**2 + 3*i + 8. Let s(z) = -17*z**2 + 8*z + 23. Let c(t) = 8*f(t) - 3*s(t). List the prime factors of c(u).
43
Suppose -7*k = -6*k - 166. Suppose k = 4*q - 66. List the prime factors of 9/15*25/(-5) + q.
5, 11
Let j be (22/(((-40)/25)/(-4)))/1. Let d = j + 381. What are the prime factors of d?
2, 109
Let y(s) = -2*s**2 + 28*s + 6068. List the prime factors of y(0).
2, 37, 41
Suppose -2*n + 3*n = 3*s + 21, -3*s - n - 15 = 0. What are the prime factors of ((-4)/s)/((-52)/(-22074))?
283
Let g(t) = 3*t - 28. Let c be g(15). Suppose -z - 9 = -y, -3*y = 5*z - y + c. What are the prime factors of (14/(-4))/(z/60)?
2, 3, 7
Let l(t) = -469*t + 212. Let p(f) = 94*f - 43. Let u(k) = -2*l(k) - 11*p(k). List the prime factors of u(-2).
241
Suppose 2*n - 12 - 6 = -4*l, 5*l = 4*n + 29. Let y(v) = -12*v**2 - 4*v**3 + 4*v - 3*v**2 + 4 - l*v + 11*v**2. What are the prime factors of y(-3)?
79
Let j(v) = 12*v**2 - 15*v - 30. Let f be j(-12). Suppose -b = 5*b - f. What are the prime factors of b?
313
Suppose 130056 = 2747*n - 2744*n + 5*p, 43319 = n - 2*p. List the prime factors of n.
7, 41, 151
Suppose 3*j + 2*j + 11 = y, -4*y = j + 19. Let d(i) = i**3 + 3*i**2 - 3*i - 2. Let k be d(y). Let t(p) = -35*p - 19. What are the prime factors of t(k)?
191
Let r = -434 + 368. Suppose 5*k + 220 = -j - 80, 0 = 2*k + j + 123. Let a = k - r. What are the prime factors of a?
7
Let n = 12490 + -1715. What are the prime factors of n?
5, 431
Suppose 0 = 4*q + 3*m - 22, 0 = q - 2*m - 0*m. Suppose -3*g + 3*f - 40 = f, q*g - f + 45 = 0. List the prime factors of (8/(-5))/2 + (-1078)/g.
107
Let p be (-2)/5*(-2195 + (-25)/5). Suppose d - 2*z = 341, -z - p = -5*d + 825. What are the prime factors of d?
11, 31
List the prime factors of ((9/(46 + -10))/((-2)/(-127304)))/1.
15913
Let f(l) = l**2 + 16*l - 56. Let c be f(-18). Let x be (c + -1)/((-28)/(-35) - 1). Suppose 16*v - v = x. List the prime factors of v.
7
Suppose 19 - 14 = -b - 5*p, -3*b - 4*p + 7 = 0. Suppose -5*c - 750 = -b*k, 4*k - 6*c = -3*c + 598. List the prime factors of k.
2, 37
Suppose x + 710 = 734. What are the prime factors of 3 + 4/(x/5646)?
2, 59
Suppose 90 = 10*z - 0*z. Let s(o) = 57*o - 23. List the prime factors of s(z).
2, 5, 7
Suppose -25*j + 48*j = 22057. List the prime factors of j.
7, 137
Let p be ((-280)/3 - 0)/(1/12). List the prime factors of (p/640)/(2/(1 - 489)).
7, 61
Let v(p) = 8*p**2 + 3*p - 48. Let y be v(-25). Suppose y = 19*w - 3540. List the prime factors of w.
443
List the prime factors of 76006 - ((-2 + 1)*4 - 3 - -6).
17, 263
Let y = 354 - 334. Suppose y*k = 17*k + 222. List the prime factors of k.
2, 37
Suppose 2*v + 3*a = -3*v + 45, 4*a = 2*v - 44. Suppose -v*b + 10 = -7*b. Let p = b - 0. What are the prime factors of p?
2
Suppose -36*z = -39*z + 354. Let m(w) = w**3 - 8*w**2 + w - 5. Let a be m(8). Suppose -a*u = -u - z. List the prime factors of u.
59
Suppose u + 5*c + 9 = 0, -4*u - 2 = 3*c - 0*c. Let b be (270/(-108))/(1*u/(-2)). Suppose 2 + 8 = b*r, -3*k + 319 = 5*r. List the prime factors of k.
103
Let w(c) = c. Let l(v) = 26*v - 92. Let k(h) = l(h) - 6*w(h). List the prime factors of k(12).
2, 37
Suppose -4*x - 16 = -b, 9*x + 26 = 7*x + 5*b. W